{"id":1047,"date":"2023-05-08T03:40:49","date_gmt":"2023-05-08T01:40:49","guid":{"rendered":"https:\/\/www.identici.org\/?page_id=1047"},"modified":"2023-06-18T17:13:58","modified_gmt":"2023-06-18T15:13:58","slug":"convenzioni-2","status":"publish","type":"page","link":"https:\/\/www.identici.org\/?page_id=1047","title":{"rendered":"Convenzioni"},"content":{"rendered":"\t\t<div data-elementor-type=\"wp-page\" data-elementor-id=\"1047\" class=\"elementor elementor-1047\">\n\t\t\t\t\t\t\t\t\t<section class=\"elementor-section elementor-top-section elementor-element elementor-element-ba99347 elementor-section-boxed elementor-section-height-default elementor-section-height-default\" data-id=\"ba99347\" data-element_type=\"section\" data-settings=\"{&quot;background_background&quot;:&quot;classic&quot;}\">\n\t\t\t\t\t\t\t<div class=\"elementor-background-overlay\"><\/div>\n\t\t\t\t\t\t\t<div class=\"elementor-container elementor-column-gap-default\">\n\t\t\t\t\t<div class=\"elementor-column elementor-col-100 elementor-top-column elementor-element elementor-element-d296c42\" data-id=\"d296c42\" data-element_type=\"column\">\n\t\t\t<div class=\"elementor-widget-wrap elementor-element-populated\">\n\t\t\t\t\t\t\t\t<div class=\"elementor-element elementor-element-eab55d0 animated-slow elementor-invisible elementor-widget elementor-widget-heading\" data-id=\"eab55d0\" data-element_type=\"widget\" data-settings=\"{&quot;_animation&quot;:&quot;fadeIn&quot;}\" data-widget_type=\"heading.default\">\n\t\t\t\t<div class=\"elementor-widget-container\">\n\t\t\t<style>\/*! elementor - v3.13.3 - 28-05-2023 *\/\n.elementor-heading-title{padding:0;margin:0;line-height:1}.elementor-widget-heading .elementor-heading-title[class*=elementor-size-]>a{color:inherit;font-size:inherit;line-height:inherit}.elementor-widget-heading .elementor-heading-title.elementor-size-small{font-size:15px}.elementor-widget-heading .elementor-heading-title.elementor-size-medium{font-size:19px}.elementor-widget-heading .elementor-heading-title.elementor-size-large{font-size:29px}.elementor-widget-heading .elementor-heading-title.elementor-size-xl{font-size:39px}.elementor-widget-heading .elementor-heading-title.elementor-size-xxl{font-size:59px}<\/style><h1 class=\"elementor-heading-title elementor-size-default\"><br>Convenzioni<\/h1>\t\t<\/div>\n\t\t\t\t<\/div>\n\t\t\t\t\t<\/div>\n\t\t<\/div>\n\t\t\t\t\t\t\t<\/div>\n\t\t<\/section>\n\t\t\t\t<section class=\"elementor-section elementor-top-section elementor-element elementor-element-e208d3d elementor-section-boxed elementor-section-height-default elementor-section-height-default\" data-id=\"e208d3d\" data-element_type=\"section\">\n\t\t\t\t\t\t<div class=\"elementor-container elementor-column-gap-default\">\n\t\t\t\t\t<div class=\"elementor-column elementor-col-100 elementor-top-column elementor-element elementor-element-68d714c\" data-id=\"68d714c\" data-element_type=\"column\">\n\t\t\t<div class=\"elementor-widget-wrap elementor-element-populated\">\n\t\t\t\t\t\t\t\t<div class=\"elementor-element elementor-element-ef7a3bf elementor-widget__width-initial elementor-hidden-mobile elementor-widget elementor-widget-text-editor\" data-id=\"ef7a3bf\" data-element_type=\"widget\" data-widget_type=\"text-editor.default\">\n\t\t\t\t<div class=\"elementor-widget-container\">\n\t\t\t<style>\/*! elementor - v3.13.3 - 28-05-2023 *\/\n.elementor-widget-text-editor.elementor-drop-cap-view-stacked .elementor-drop-cap{background-color:#69727d;color:#fff}.elementor-widget-text-editor.elementor-drop-cap-view-framed .elementor-drop-cap{color:#69727d;border:3px solid;background-color:transparent}.elementor-widget-text-editor:not(.elementor-drop-cap-view-default) .elementor-drop-cap{margin-top:8px}.elementor-widget-text-editor:not(.elementor-drop-cap-view-default) .elementor-drop-cap-letter{width:1em;height:1em}.elementor-widget-text-editor .elementor-drop-cap{float:left;text-align:center;line-height:1;font-size:50px}.elementor-widget-text-editor .elementor-drop-cap-letter{display:inline-block}<\/style>\t\t\t\t<h3><span style=\"font-weight: 400; color: #b62c40;\"><img decoding=\"async\" loading=\"lazy\" class=\" wp-image-137 alignright\" src=\"https:\/\/www.identici.org\/wp-content\/uploads\/2017\/08\/logo_small.gif\" alt=\"\" width=\"274\" height=\"90\" \/>Medicina Ravenna <\/span><span style=\"font-weight: 400;\"><span style=\"color: #b62c40;\">visite mediche sportive<\/span><br \/><\/span><\/h3><p><span style=\"font-weight: 400;\">Convenzione per visite mediche sportive per attivit\u00e0 subacquea agonistica e non agonistica<br \/><\/span><span style=\"font-weight: 400;\">La Identici Diving School ha stipulato a favore dei suoi iscritti una vantaggiosa convenzione con il centro \u2018Medicina Ravenna\u2019<br \/><\/span><span style=\"font-weight: 400;\">Di seguito i dettagli della stessa:<br \/><\/span><span style=\"font-weight: 400;\">I nostri soci potranno accede ai servizi di Medicina Ravenna a tariffe agevolate e, in particolare :<br \/><\/span><span style=\"font-weight: 400;\">\u2013 visita di idoneit\u00e0 non agonistica a 25\u20ac<br \/><\/span><span style=\"font-weight: 400;\">\u2013 visita di idoneit\u00e0 agonistica a 35 \u20ac<br \/><\/span><span style=\"font-weight: 400;\">Inoltre a ciascun associato verr\u00e0 consegnata gratuitamente la PRESTOINFORMACARD di \u201ccodice bianco\u201d, una tessera personale che consente di accedere a servizi e prestazioni di tutte le strutture aderenti a prezzi scontati e, in particolare :<br \/><\/span><span style=\"font-weight: 400;\">10% su visite specialistiche in CODICE BIANCO ORO<br \/><\/span><span style=\"font-weight: 400;\">10% su prestazioni RM, RX ed Ecografie in codice Bianco<br \/><\/span><span style=\"font-weight: 400;\">20% su terapie riabilitative manuali e strumentali<br \/><\/span><span style=\"font-weight: 400;\">20% su terapie in acqua<br \/><\/span><span style=\"font-weight: 400;\">20% su Nutrition Clinic \u2013 programma di alimentazione dello sportivo<br \/><\/span><span style=\"font-weight: 400;\">20% su Nutrition Clinic \u2013 programma sovrappeso adulti<br \/><\/span><span style=\"font-weight: 400;\">30% su diagnostica Nutrition Clinic (Calorimetria,arm band,ecc..)<br \/><\/span><span style=\"font-weight: 400;\">10% su soggiorni a Galzignano Terme SPA &amp; Golf Resort (PD) (escluso periodo 22-12 \/ 08-01)<br \/><\/span><span style=\"font-weight: 400;\">20% su massagi area beauty Physiosal Center Galzignano Terme<br \/><\/span><span style=\"font-weight: 400;\">Per dettagli telefonateci o scrivete a info@identici.org<br \/><\/span><span style=\"font-weight: 400;\">\u00a0<br \/><\/span><\/p><h3><span style=\"color: #b62c40;\">ALMA SPORT SERVICE SPORT CARD<img decoding=\"async\" loading=\"lazy\" class=\" wp-image-375 alignright\" src=\"https:\/\/www.identici.org\/wp-content\/uploads\/2017\/08\/sportCARD-20-21-300x194.jpg\" alt=\"\" width=\"226\" height=\"146\" srcset=\"https:\/\/www.identici.org\/wp-content\/uploads\/2017\/08\/sportCARD-20-21-300x194.jpg 300w, https:\/\/www.identici.org\/wp-content\/uploads\/2017\/08\/sportCARD-20-21-150x97.jpg 150w, https:\/\/www.identici.org\/wp-content\/uploads\/2017\/08\/sportCARD-20-21.jpg 502w\" sizes=\"(max-width: 226px) 100vw, 226px\" \/><\/span><\/h3><p><span style=\"font-weight: 400;\">Sport Card \u00e8 una tessera fedelt\u00e0 che ti segue nei tuoi acquisti e nelle tue necessit\u00e0 agevolandoti presso negozi e strutture convenzionate in citt\u00e0 ed in provincia: dal ristorante al fisioterapista, dalla scelta del vino giusto per ogni occasione ai consigli sulla linea e molto altro ancora<br \/><\/span><a href=\"https:\/\/www.almasportservice.it\/sport-card\"><span style=\"font-weight: 400;\">Qui<\/span><\/a><span style=\"font-weight: 400;\"> potrete trovare tutte le convenzioni.<br \/><\/span><span style=\"font-weight: 400;\">Contattateci per informazioni o per ritirare la vostra tessera<\/span><\/p>\t\t\t\t\t\t<\/div>\n\t\t\t\t<\/div>\n\t\t\t\t<div class=\"elementor-element elementor-element-c919893 elementor-widget__width-initial elementor-hidden-desktop elementor-widget elementor-widget-text-editor\" data-id=\"c919893\" data-element_type=\"widget\" data-widget_type=\"text-editor.default\">\n\t\t\t\t<div class=\"elementor-widget-container\">\n\t\t\t\t\t\t\t<h3><span style=\"font-weight: 400; color: #b62c40;\"><img decoding=\"async\" loading=\"lazy\" class=\"wp-image-137 aligncenter\" src=\"https:\/\/www.identici.org\/wp-content\/uploads\/2017\/08\/logo_small.gif\" alt=\"\" width=\"274\" height=\"90\" \/>Medicina Ravenna <\/span><span style=\"font-weight: 400;\"><span style=\"color: #b62c40;\">visite mediche sportive<\/span><br \/><\/span><\/h3><p><span style=\"font-weight: 400;\">Convenzione per visite mediche sportive per attivit\u00e0 subacquea agonistica e non agonistica<br \/><\/span><span style=\"font-weight: 400;\">La Identici Diving School ha stipulato a favore dei suoi iscritti una vantaggiosa convenzione con il centro \u2018Medicina Ravenna\u2019<br \/><\/span><span style=\"font-weight: 400;\">Di seguito i dettagli della stessa:<br \/><\/span><span style=\"font-weight: 400;\">I nostri soci potranno accede ai servizi di Medicina Ravenna a tariffe agevolate e, in particolare :<br \/><\/span><span style=\"font-weight: 400;\">\u2013 visita di idoneit\u00e0 non agonistica a 25\u20ac<br \/><\/span><span style=\"font-weight: 400;\">\u2013 visita di idoneit\u00e0 agonistica a 35 \u20ac<br \/><\/span><span style=\"font-weight: 400;\">Inoltre a ciascun associato verr\u00e0 consegnata gratuitamente la PRESTOINFORMACARD di \u201ccodice bianco\u201d, una tessera personale che consente di accedere a servizi e prestazioni di tutte le strutture aderenti a prezzi scontati e, in particolare :<br \/><\/span><span style=\"font-weight: 400;\">10% su visite specialistiche in CODICE BIANCO ORO<br \/><\/span><span style=\"font-weight: 400;\">10% su prestazioni RM, RX ed Ecografie in codice Bianco<br \/><\/span><span style=\"font-weight: 400;\">20% su terapie riabilitative manuali e strumentali<br \/><\/span><span style=\"font-weight: 400;\">20% su terapie in acqua<br \/><\/span><span style=\"font-weight: 400;\">20% su Nutrition Clinic \u2013 programma di alimentazione dello sportivo<br \/><\/span><span style=\"font-weight: 400;\">20% su Nutrition Clinic \u2013 programma sovrappeso adulti<br \/><\/span><span style=\"font-weight: 400;\">30% su diagnostica Nutrition Clinic (Calorimetria,arm band,ecc..)<br \/><\/span><span style=\"font-weight: 400;\">10% su soggiorni a Galzignano Terme SPA &amp; Golf Resort (PD) (escluso periodo 22-12 \/ 08-01)<br \/><\/span><span style=\"font-weight: 400;\">20% su massagi area beauty Physiosal Center Galzignano Terme<br \/><\/span><span style=\"font-weight: 400;\">Per dettagli telefonateci o scrivete a info@identici.org<br \/><\/span><span style=\"font-weight: 400;\">\u00a0<br \/><\/span><\/p><h3><span style=\"color: #b62c40;\"><img decoding=\"async\" loading=\"lazy\" class=\"wp-image-375 aligncenter\" src=\"https:\/\/www.identici.org\/wp-content\/uploads\/2017\/08\/sportCARD-20-21-300x194.jpg\" alt=\"\" width=\"226\" height=\"146\" srcset=\"https:\/\/www.identici.org\/wp-content\/uploads\/2017\/08\/sportCARD-20-21-300x194.jpg 300w, https:\/\/www.identici.org\/wp-content\/uploads\/2017\/08\/sportCARD-20-21-150x97.jpg 150w, https:\/\/www.identici.org\/wp-content\/uploads\/2017\/08\/sportCARD-20-21.jpg 502w\" sizes=\"(max-width: 226px) 100vw, 226px\" \/><\/span><\/h3><h3><span style=\"color: #b62c40;\">ALMA SPORT SERVICE SPORT CARD<\/span><\/h3><p><span style=\"font-weight: 400;\">Sport Card \u00e8 una tessera fedelt\u00e0 che ti segue nei tuoi acquisti e nelle tue necessit\u00e0 agevolandoti presso negozi e strutture convenzionate in citt\u00e0 ed in provincia: dal ristorante al fisioterapista, dalla scelta del vino giusto per ogni occasione ai consigli sulla linea e molto altro ancora<br \/><\/span><a href=\"https:\/\/www.almasportservice.it\/sport-card\"><span style=\"font-weight: 400;\">Qui<\/span><\/a><span style=\"font-weight: 400;\"> potrete trovare tutte le convenzioni.<br \/><\/span><span style=\"font-weight: 400;\">Contattateci per informazioni o per ritirare la vostra tessera<\/span><\/p>\t\t\t\t\t\t<\/div>\n\t\t\t\t<\/div>\n\t\t\t\t\t<\/div>\n\t\t<\/div>\n\t\t\t\t\t\t\t<\/div>\n\t\t<\/section>\n\t\t\t\t\t\t\t<\/div>\n\t\t","protected":false},"excerpt":{"rendered":"<p>Convenzioni Medicina Ravenna visite mediche sportive Convenzione per visite mediche sportive per attivit\u00e0 subacquea agonistica e non agonisticaLa Identici Diving School ha stipulato a favore dei suoi iscritti una vantaggiosa convenzione con il centro \u2018Medicina Ravenna\u2019Di seguito i dettagli della stessa:I nostri soci potranno accede ai servizi di Medicina Ravenna a tariffe agevolate e, in &hellip;<\/p>\n<p class=\"read-more\"> <a class=\"\" href=\"https:\/\/www.identici.org\/?page_id=1047\"> <span class=\"screen-reader-text\">Convenzioni<\/span> Leggi altro &raquo;<\/a><\/p>\n","protected":false},"author":1,"featured_media":0,"parent":0,"menu_order":0,"comment_status":"closed","ping_status":"closed","template":"","meta":{"site-sidebar-layout":"no-sidebar","site-content-layout":"page-builder","ast-global-header-display":"","ast-main-header-display":"","ast-hfb-above-header-display":"","ast-hfb-below-header-display":"","ast-hfb-mobile-header-display":"","site-post-title":"disabled","ast-breadcrumbs-content":"","ast-featured-img":"disabled","footer-sml-layout":"","theme-transparent-header-meta":"enabled","adv-header-id-meta":"","stick-header-meta":"","header-above-stick-meta":"","header-main-stick-meta":"","header-below-stick-meta":""},"aioseo_notices":[],"_links":{"self":[{"href":"https:\/\/www.identici.org\/index.php?rest_route=\/wp\/v2\/pages\/1047"}],"collection":[{"href":"https:\/\/www.identici.org\/index.php?rest_route=\/wp\/v2\/pages"}],"about":[{"href":"https:\/\/www.identici.org\/index.php?rest_route=\/wp\/v2\/types\/page"}],"author":[{"embeddable":true,"href":"https:\/\/www.identici.org\/index.php?rest_route=\/wp\/v2\/users\/1"}],"replies":[{"embeddable":true,"href":"https:\/\/www.identici.org\/index.php?rest_route=%2Fwp%2Fv2%2Fcomments&post=1047"}],"version-history":[{"count":19,"href":"https:\/\/www.identici.org\/index.php?rest_route=\/wp\/v2\/pages\/1047\/revisions"}],"predecessor-version":[{"id":1187,"href":"https:\/\/www.identici.org\/index.php?rest_route=\/wp\/v2\/pages\/1047\/revisions\/1187"}],"wp:attachment":[{"href":"https:\/\/www.identici.org\/index.php?rest_route=%2Fwp%2Fv2%2Fmedia&parent=1047"}],"curies":[{"name":"wp","href":"https:\/\/api.w.org\/{rel}","templated":true}]}}